29
Suppose 3*i = 2*u + 7*i - 406, 0 = 3*u - 5*i - 642. Suppose -4*b + 5315 = -u. What are the prime factors of b?
1381
Let f(l) = -l**2 + 10*l - 47. Let i be f(21). Let x = 655 + i. What are the prime factors of x?
13, 29
Let c(t) = -t**3 + t**2 + 4*t + 7. Suppose 12 = -3*x - 12. Let h(z) = -z**2 - 8*z - 4. Let i be h(x). List the prime factors of c(i).
71
Let b(o) = o**3 + 7*o**2 - 6*o + 18. Let g be b(-5). Let w = 40 + g. What are the prime factors of w?
2, 3, 23
Let o be (-8 + 1)/(-35) - (-24)/5. Suppose -8*w + 6*w + o*q = -106, -w + 53 = 4*q. What are the prime factors of w?
53
Let q = -15987 + 27336. Suppose 23*s = 10*s + q. What are the prime factors of s?
3, 97
Suppose -30*z = -43*z - 470340. List the prime factors of -3 + (z/(-30) - (4 + 0)).
11, 109
List the prime factors of (-2726865)/90*(-1)/(-3)*-2.
3, 6733
Suppose 3*g - 3*b = 796 - 2803, -2*g - 2*b = 1322. Let r = 1348 + g. What are the prime factors of r?
683
Let s = 212 + -211. What are the prime factors of (s/3)/((-2)/42)*-14?
2, 7
Let f(g) = -3*g + 15. Let d(w) = -1. Let u(y) = -5*d(y) + f(y). Let a be u(6). What are the prime factors of (-1)/(-1)*246/a?
3, 41
Let j(d) = d**3 + 34*d**2 - 2*d - 64. Let c be j(-34). Suppose c*a = 7*v - 3*v + 1816, 0 = 3*a + 3*v - 1380. What are the prime factors of a?
457
Suppose 4*i - 3*b - 57 = 2*b, -2*i = 5*b + 9. Suppose 6*u + 10 = i*u. Suppose -3*a + 2*t + 273 = 0, -3*a = -4*a - u*t + 74. List the prime factors of a.
89
Let m be (-3)/(((-3)/(-24))/((-2)/12)). Suppose -17*t = h - 20*t - 837, -h - m*t + 858 = 0. What are the prime factors of h?
2, 3, 47
Suppose 4*p - 12229 = -5*q, 3*p + 2*q + 2113 - 11290 = 0. List the prime factors of p.
3061
Suppose -9*s = 21*s - 630150. What are the prime factors of s?
5, 4201
Let y(k) = 166*k**3 - 3*k**2 - 2*k + 9. Let s be y(2). Let w = s - 778. List the prime factors of w.
3, 181
Let z be 1 + 2/(-4)*(-4 + -4). Suppose -z*i = -94 - 1401. List the prime factors of i.
13, 23
Suppose -3*s - 46*s + 5*s + 273812 = 0. What are the prime factors of s?
7, 127
Suppose -11*y = -28 - 5. Let a be (0 - y - -6) + 151. Let z = -81 + a. What are the prime factors of z?
73
Let w = 1309 - -12018. What are the prime factors of w?
13327
Let w(c) = 76 - 11*c - 24*c + 2 - 72*c. What are the prime factors of w(-3)?
3, 7, 19
Suppose -18*r = 24*r - 125016 + 3468. What are the prime factors of r?
2, 1447
Let r(n) = 62*n**2 + n + 1. Let d be r(-1). Suppose 0 = 2*y + 2*f - 148, -5*f = -4*y + 403 - d. List the prime factors of y.
79
Suppose n + 4*d - 66 = 304, 0 = -3*n - 5*d + 1096. Let h = n + 542. What are the prime factors of h?
2, 113
Suppose -12*b - 3*l = -14*b + 10776, -4*b + 3*l + 21546 = 0. List the prime factors of b.
3, 5, 359
Suppose -2*z + y = -50, -3*z + 0*z - 5*y = -62. Let t = 173 + z. What are the prime factors of t?
197
Suppose 2*y = 2*a + 2980, y + 3*a - 1499 = a. List the prime factors of -3*1 - (-43 - y).
3, 7, 73
Let k(d) = 9 - 3*d**2 + 24*d**2 + 6 - d. What are the prime factors of k(-4)?
5, 71
Suppose -76218 + 1295246 + 173042 = 214*b. What are the prime factors of b?
5, 1301
Let d = 82 - 47. List the prime factors of (d - 30)*(-3 - -220).
5, 7, 31
Let o be (12/(-3))/4*199. Let v = 333 - o. List the prime factors of v.
2, 7, 19
Suppose p + l = -l + 16, -35 = -5*p - l. Suppose -5*m + 1 - p = -5*q, 0 = -3*m - q + 1. Suppose -2*o - 51 + 233 = m. List the prime factors of o.
7, 13
Let f be 4/(-12) + (-12340)/(-12). Suppose f = 7*x - 12076. Suppose -17*t + 5*t + x = 0. List the prime factors of t.
2, 3, 13
Suppose 6875 = p - 4*a, -32*a + 35*a = 3*p - 20643. List the prime factors of p.
6883
Let t = 9 - 5. Let z be (2/t*-4)/2. List the prime factors of (-3 + z)*(-4 - -2).
2
Suppose 14 = -7*v + 9*v - f, 16 = 4*f. What are the prime factors of 3*15/v - -7*73?
2, 3, 43
Let i(r) = 2*r**2 + 6*r - 8. Let q be i(-4). Suppose q = -2*c + 3*o - 5, -4*c - 4*o + 22 = c. Suppose c*g - 133 = 27. What are the prime factors of g?
2, 5
Suppose -224*q = -2058918 + 401990. List the prime factors of q.
13, 569
Suppose d - 6 = -u - 2, 11 = 4*u + 3*d. Let h be 39*138/54 - u/3. Suppose -h = -5*c + 255. What are the prime factors of c?
71
Suppose 5*f + 2 = -3*s, 0 = 7*f - 12*f - 5. What are the prime factors of (-1*(-188)/(-8))/(s/(-12))?
2, 3, 47
Let x(h) = -h**3 + 4*h**2 + h - 2. Let u be x(4). Let f be (-8)/36 - u/(-9). Suppose 3*w = -5*i - 0*w + 947, 3*i - 4*w - 574 = f. List the prime factors of i.
2, 5, 19
What are the prime factors of -31 + (-853216)/(-156) + ((-10)/(-3))/2?
2, 5, 17
Let x(t) = 8*t**2 - 22*t - 10. Suppose 4*o = 120 - 72. List the prime factors of x(o).
2, 439
Let o be (7/2)/((-75)/(-13350)). Let s = o + -18. What are the prime factors of s?
5, 11
Suppose -8*j + 107 = 3*y - 4*j, 0 = 5*y - 2*j - 161. Let r be (4 - y/6)*-2. Suppose -2*x + r*h + 118 = -178, -726 = -5*x + 4*h. List the prime factors of x.
2, 71
Suppose 0 = -12*w + 3*w + 297. Let c be (-40)/(-22) - (-6)/w. Suppose -2*j - 4*i = -156, -3*j + 2*i + c*i + 184 = 0. What are the prime factors of j?
2, 17
Suppose 30*b - 237529 = -37*b + 339140. What are the prime factors of b?
3, 19, 151
Let d = -47 - -46. Let l(t) = t + 4. Let r be l(d). Suppose 5*h - r*j = -j + 50, 3*h - j - 29 = 0. List the prime factors of h.
2
Suppose -2*m - m - 4*h - 40 = 0, 5*m + 64 = -4*h. Let i(c) = -5*c + 3. Let f be i(m). Let u = -24 + f. What are the prime factors of u?
3, 13
List the prime factors of 397460/204 - (-1)/3*2.
1949
Let d(u) = 6*u**2 + 113*u - 345. List the prime factors of d(37).
2, 5, 241
Let t(i) = -61*i**3 - 20*i**2 - 158*i + 2. List the prime factors of t(-10).
2, 3, 23, 439
Suppose 21*k + 20*k - 11*k - 76590 = 0. List the prime factors of k.
3, 23, 37
Suppose -832*u + 822*u = -132520. List the prime factors of u.
2, 3313
Let z(m) = 10*m**3 + 65*m**2 + 9*m - 17. List the prime factors of z(-5).
313
Suppose 0 = -2*n + 2*s + 17886, n - 13159 + 4218 = -s. What are the prime factors of n?
2, 17, 263
Let y(u) = 3*u + 2. Suppose -140*b = -139*b - 6. Suppose -2*n + 32 = -g, b*n + g - 52 = 2*n. What are the prime factors of y(n)?
2, 11
Suppose 10 = 2*a, 0 = -2*c - c - 2*a + 295. Let b = c - 47. Let z = b - -15. What are the prime factors of z?
3, 7
Let k(t) = 4*t - 25. Let d(w) = -15*w + 101. Let s(b) = -2*d(b) - 9*k(b). Let v be -1*3/(-6)*-10. List the prime factors of s(v).
53
Let y = -1118 + 10045. List the prime factors of y.
79, 113
Let s be 2634/33 + (-6)/(-33). Suppose 0 = -4*i + 4*x - 148, 16*x - 78 = 2*i + 12*x. Let p = i + s. What are the prime factors of p?
3, 5
Suppose -5*h = -5*m + 55, -m + 2 = -0*m. Let o be (-492)/(-8) - h/6. Let x = o - 26. What are the prime factors of x?
37
Let u be 2/(-5) - 354/15. Let m = -2360 + 2276. Let q = u - m. List the prime factors of q.
2, 3, 5
Let b = 861 + -758. Let r = -20 + 40. Let s = b - r. What are the prime factors of s?
83
Suppose 4*r + 7*x + 169 = 2*x, 3*r + 113 = -x. Let z = r - -279. List the prime factors of z.
3
Let i = 76734 + 1921. List the prime factors of i.
5, 15731
Let g(w) = -2*w**3 - 29*w**2 - 18*w - 35. Let j be g(-14). Suppose 11705 + 10513 = j*q. What are the prime factors of q?
2, 23
Let c(t) = 2*t**2 - t + 13. Let q be c(-10). Suppose -177 = -5*r + q. Let z = r + -19. What are the prime factors of z?
61
Let v(q) = q**2 + 24*q + 23. Let j(w) = 23*w + 23. Let s(g) = -4*j(g) + 3*v(g). What are the prime factors of s(12)?
13
Suppose -3102 = -53*a - 48*a + 90*a. List the prime factors of a.
2, 3, 47
Let m(s) = 25*s + 45. Let q be m(13). Suppose q + 3816 = 7*j. List the prime factors of j.
2, 13, 23
Let m(k) be the first derivative of 35*k**2 - 67*k - 76. List the prime factors of m(8).
17, 29
What are the prime factors of 22098/(-12)*(4 - 5)*2?
29, 127
Let t be ((-2)/3)/(175/21 - 9). Let c(p) = p**2 - 12*p + 15. Let r be c(11). What are the prime factors of 19/(1*t/(-3 + r))?
19
Suppose 4*p - 5709 = -5*j + 10987, 12522 = 3*p + 4*j. List the prime factors of p.
2, 2087
Let a be (-5)/6*(-68 - -62). Suppose -5 - 5 = -5*f, 0 = -4*r - a*f + 34. List the prime factors of r.
2, 3
Let p(r) = -220*r**3 - r + 2 + 411*r**3 - 219*r**3 + 0*r. What are the prime factors of p(-2)?
2, 3, 19
What are the prime factors of ((-10601)/(-3))/((-24)/72)*(-13 + 12)?
10601
Let d(h) = -h**2 - 11*h - 16. Let r be d(-9). Suppose 